e of b**2 - 1/24*b**4 - 1/6*b**3 + 0*b + 0. Determine o(-3).
2
Let o(g) be the first derivative of g**4/4 - 11*g**3/3 + 7*g**2/2 + g - 3. Let f(d) = d**2 - d - 1. Let z(i) = 5*f(i) + o(i). Calculate z(6).
8
Let m(n) be the third derivative of n**5/60 + n**4/24 - 2*n**3/3 - 10*n**2. Suppose 0*z + 2*z = 0. Suppose 5*o - d + z*d - 5 = 0, -d = 5. Give m(o).
-4
Let p(r) = 2*r**2 + 2*r + 1. Let l(c) = c**3 - 4*c**2 + 2*c + 2. Let g(h) = -h - 3. Let b be g(-6). Let k be l(b). Calculate p(k).
1
Let l(y) = 2*y + 3. Let j be ((-4)/(-2))/4*(-80)/8. Give l(j).
-7
Let h = -110 - -115. Let i(s) = -s + 1. Let o(f) = f**2 - 2*f - 8. Let m(q) = -i(q) - o(q). What is m(h)?
-3
Let x(p) = p + 1. Let u be (0 - 0 - 1) + 2. Suppose 0 = l - 4*w - u, -3*w = l - 2 - 6. Let c be l/1 - -1 - 2. Determine x(c).
5
Let s(v) = 2*v**2 - v + 3 - 2 - 3*v**2 - v**3. Determine s(-2).
7
Let r(z) be the third derivative of -z**5/60 - z**4/4 - z**3/3 - z**2. Let w be 0 - (-1 + (1 - 2)). Suppose -3*c - 25 = w*c. What is r(c)?
3
Suppose 3*a - 4 = 11. Suppose 5*d + a = 10. Let k(c) = -c - 1. Calculate k(d).
-2
Suppose 8*j + 36 = 84. Let b(f) = f - 5. Determine b(j).
1
Let s(b) = 2*b**2 - 11*b + 9. Let u(m) = -m**2 + 6*m - 5. Let f(g) = 2*s(g) + 5*u(g). Give f(5).
8
Let q = -2 - -4. Let d be (1 + 0)/(1/q). Let f(b) = 0*b**d + b**2 + b + b. Determine f(2).
8
Let q be (5 - (-14)/(-4))*20/(-6). Let g(x) = -x**3 + 0*x**2 - 6*x**2 - 6 - 8*x + x**2 - x**2. Calculate g(q).
9
Let f(j) = j**2 + 6*j + 2. Suppose 4*u + 11 - 3 = 0. Let v be (-1)/((5 + u)/9). Give f(v).
-7
Let i(o) be the first derivative of -o**4/4 + 5*o**2/2 + 3*o + 33. Calculate i(-3).
15
Let v = 2 + -1. Let n(x) = -1. Let w(d) = -6*d - 6. Let g(u) = -6*n(u) + w(u). What is g(v)?
-6
Let b(i) = -i**3 - 6*i**2 - 7*i - 4. Let s(a) = a**2 - 10*a + 4. Suppose -6 = -5*j - 91. Let u = -8 - j. Let t be s(u). What is b(t)?
6
Let j(y) = -8*y - 24. Let f be j(-3). Let h(i) = -i**3 - i**2 + i - 1. Determine h(f).
-1
Let y(a) be the first derivative of a**4/12 + a - 3. Let m(c) be the first derivative of y(c). What is m(3)?
9
Let r(x) = 0 + 1 - 3*x + 2*x. Suppose 0 = -17*z + z + 64. Calculate r(z).
-3
Suppose 0*j = -5*j. Let f(k) = -k**2 + k + 6. Determine f(j).
6
Let s = -2 - -2. Let z(t) = 0*t + 4 + t + s. Let c = 10 - 5. Calculate z(c).
9
Suppose -8*m + 30 = -5*m. Suppose 5*p = m, l = -l + 3*p - 4. Let c(k) = -8*k - 1. Calculate c(l).
-9
Let r(j) = -j**2 + 10*j. Suppose b = 3*b + 2*i - 14, 2*b - 20 = 4*i. What is r(b)?
16
Let i = 7 - 21. Let m = -4 - i. Let x(a) = -a**2 + 6*a + 4 + 0*a**2 - m*a. Determine x(-4).
4
Let d(l) = 4 - 12*l**2 + 0*l + 11*l**2 - 3*l + 0. Calculate d(-5).
-6
Let u(p) = -p**3 + 2*p**2 + 4*p + 1. Let q = -30 + 33. Determine u(q).
4
Let i = 3 + 2. Let b(j) = 7*j**3 - 6*j**2 + j - 4. Let k(z) = 7*z**3 - 7*z**2 + z - 5. Let r(c) = i*b(c) - 4*k(c). Let l = -2 + 3. Calculate r(l).
6
Let x(v) = -v**2 + 3*v - 3. Let q be x(3). Let p(h) = -h**3 - 4*h**2 - 3*h. Determine p(q).
0
Let j(o) = o - 2. Let z = -15 - -22. Determine j(z).
5
Suppose 3*k + 2*b = 10, 0*b = -4*k + 3*b + 2. Let o(s) = -s**3 - 1 + 7*s**2 - 2*s**2 - 7*s**2 - k*s. Let p be -3*2/(-9)*-3. Calculate o(p).
3
Let o = 42 - 48. Let i(l) = l**2 + 7*l + 4. Determine i(o).
-2
Let v(a) = 2*a + 8. Let x = 33 - 26. What is v(x)?
22
Let z(x) = 11*x**2 - 5 - 22*x**2 + 6*x + 10*x**2 + 2*x**2. Give z(-5).
-10
Let u(x) = x**3 + 9*x + 6*x**2 - 2*x**3 - 4*x + 2*x**3 - 7. What is u(-5)?
-7
Let n be (-1)/(1/(-6) + 4/(-12)). Let x(y) = 3*y + 1. Give x(n).
7
Suppose -5*n - 10 = k, 0 = -2*k + 4*n - 0*n + 22. Suppose j - 2 = -5*q, k*q - 3*q + 4*j - 8 = 0. Let m(d) = -d + 4. What is m(q)?
4
Let r = -4 - -6. Let m(t) = 2*t**2 - 2 + 0*t**r - t**2. Let j(v) = v**2 - 6*v + 5. Let a be j(4). Calculate m(a).
7
Let j(u) = u**2 + 6*u - 6. Let y be j(-6). Let w(i) = i**3 + 7*i**2 + 6*i - 4. What is w(y)?
-4
Suppose 4*h - 5*v - 6 = -0, -5*h - 5*v + 30 = 0. Let k(s) = 2*s**2 - 5*s - 4. Let p(z) = -2*z**2 + 5*z + 4. Let l(q) = -2*k(q) - 3*p(q). What is l(h)?
8
Let s = 2 + 2. Let w(r) be the first derivative of r**2 - 5*r + 1. Let z be w(s). Let c(d) = d**2 - 2*d + 4. Give c(z).
7
Let z(h) be the third derivative of 0 + 0*h + 1/12*h**4 - h**2 + 2/3*h**3. Give z(-3).
-2
Let p(h) be the first derivative of 4*h - 6 + 0*h - h**2 - 2*h**2 + 5*h**2. Determine p(-3).
-8
Let o(x) = -3*x - 2. Suppose -5*c - 4 = 11. Determine o(c).
7
Let m(u) = -3*u**2 - 2210*u + 4*u**2 + 2213*u - 5. Calculate m(-5).
5
Let q = 23 - 21. Let r(i) = 1 - i - q + 0*i - 3. Let x = 1 + -1. Determine r(x).
-4
Let a be 2/(-11) + 384/(-66). Let f(h) = h + 8. What is f(a)?
2
Let g be 3/4*46/207. Let t(n) be the second derivative of n + 1/20*n**5 + 1/12*n**4 + 7/2*n**2 - g*n**3 + 0. Give t(0).
7
Let g(i) be the third derivative of 1/120*i**6 - 7*i**2 - 5/6*i**3 + 0*i - 1/10*i**5 + 0 + 7/24*i**4. Calculate g(5).
5
Let v(y) = 5*y + 1. Suppose -p = -0*k + 2*k + 2, 5*k + 3*p + 7 = 0. Give v(k).
6
Let s(q) = -2*q**3 + 2*q**2 + q - 3. Let h be s(2). Let k(r) = -r - 7. Calculate k(h).
2
Let y(i) be the first derivative of -1/2*i**2 + 2*i + 5. Calculate y(7).
-5
Let j(p) be the second derivative of -7/2*p**2 + 0 - 3/2*p**3 + 5/12*p**4 + p. Let v(l) = -3*l**2 + 6*l + 5. Let x(t) = 5*j(t) + 8*v(t). Determine x(-4).
9
Let n(k) = k - 3. Let x(a) = -1. Let c(s) = n(s) - 5*x(s). Let w(f) = 2*f - 11. Suppose g + 3*u - 23 = 0, -2*g + 0*g + 41 = 5*u. Let m be w(g). Give c(m).
7
Let s(u) be the third derivative of u**6/120 + u**5/15 - u**4/24 - 2*u**3/3 + u**2. Let q(k) = -3*k + 12. Let c be q(5). Give s(c).
8
Let t(m) be the second derivative of 0 + m**2 - 1/2*m**3 + m. What is t(4)?
-10
Let b = 1 + 3. Let v(r) = 2*r + 3*r - b*r + 0*r. Calculate v(0).
0
Let q(x) = 4*x - 1. Let i(v) = v**2 + 2*v - 7. Let d be i(-4). Determine q(d).
3
Let q(r) = -r**2 - 7*r + 10. Let c be (3/(30/(-16)))/((-1)/(-5)). What is q(c)?
2
Let j = -5 + 11. Let f be 3/j - (-11)/(-2). Let t(n) = 2 - 8 + 10 + n. Determine t(f).
-1
Let o(b) = 4*b + 2 + 6*b**2 - 3 + 0. Let l(f) = 14*f**2 - 2*f**2 + 5*f - 1 - 5*f**2. Let y(k) = 5*l(k) - 6*o(k). Calculate y(3).
-5
Let b(x) be the third derivative of x**5/15 + x**3/6 - 4*x**2. Let n be 2 - 0 - (1 + 0). Determine b(n).
5
Let u(w) = -3*w**3 - 2*w**2 + w + 1. Let s be u(-2). Let z = 11 - s. Let f(c) = -c**3 - 3 + 7 + c + c - 4*c**2. Give f(z).
-4
Let v(b) = -2*b**3 + 7*b**2 + 2*b - 8 - 2*b**3 - b**3 + 4*b**3. What is v(7)?
6
Let i(l) = l**3 - 3*l**2 + l. Let s be 2/(-6) + (-8)/(-6). Let u be 3 - (s + 0/(-3)). Let v = u + 1. Give i(v).
3
Suppose 5*w + 14 = -2*v, v + 4*v - 4*w - 31 = 0. Let f(u) = u**3 - 4*u**2 + 2*u - 4. Give f(v).
-7
Let k(r) = -r**2 + 16*r + 78. Let b be k(20). Let y(l) = -15*l - 13. Let u(p) = -7*p - 6. Let j(h) = -9*u(h) + 4*y(h). Determine j(b).
-4
Let h(g) = -3*g - 13. Let f be h(-5). Let s(z) be the third derivative of -z**6/60 + z**5/30 + z**3/6 + z**2. Give s(f).
-7
Let o be 16/40 + (-4)/10. Suppose 3*a + 2 = a. Let t = a + o. Let z(g) = -5*g**2. Give z(t).
-5
Let s(i) be the third derivative of i**4/24 - i**3/2 - 34*i**2. Calculate s(-3).
-6
Let o = 3 - -1. Let d(t) = t**3 - 4*t**2 - 1 + 5*t - 2*t - o*t. Give d(4).
-5
Let v = -1 + -3. Let a(q) be the third derivative of -q**4/12 - 5*q**3/6 - 2*q**2. Determine a(v).
3
Let h(n) = n**3 - n**2 - n - 1. Let x(m) = -6*m**3 - m**2 + 3*m - 3. Let r = -2 - -3. Let f(p) = r*x(p) + 5*h(p). Let k be (1*9)/(48/(-32)). Determine f(k).
4
Let a be (7 - -1) + 3 + -4. Let g(f) = -a - f + 5 - 4. Suppose 6*d = -5*m + 3*d - 22, 0 = 4*m - 5*d + 25. What is g(m)?
-1
Let n(o) = -o**3 - 3*o - 2. Let d be n(-1). Let v(w) = -4*w**2 - 1. Determine v(d).
-17
Let l(y) = y**2. Suppose -g - 12 = -13. Determine l(g).
1
Let r(k) = -k**3 + 4*k**2 + 6*k - 7. Let q = 4 + 1. What is r(q)?
-2
Let a(n) = -6*n**2 - 1. Let u(w) = -w**3 - 8*w**2 - 6*w - 2. Let o be u(-7). Let q be ((-3)/o*3)/1. What is a(q)?
-7
Let u(c) = -2*c + 4. Let j be u(3). Let k be ((-4)/10)/(j/30). Let t(d) = k*d + 1 - 3 - d**2 + 0*d. Determine t(4).
6
Let b(f) = -f**3 + 5*f**2 - 4*f + 2. Let a = 77 - 74. Calculate b(a).
8
Suppose -2*s = -0*s. Suppose -2*i - i = s. Suppose i = 2*k - 2*b + 4, k = 3*k + b - 5. Let l(z) = z**2 - 1. Calculate l(k).
0
Let u(y) = y - 2. Suppose -5*g = 4*v - 19, -4*g = 2 + 2. Determine u(v).
4
Let o(n